Back
From: Slaven Rezić
Subject: FAIL SVN-Notify-Config-0.0911 v5.18.4 GNU/Linux
Date: 2016-04-15T18:30:53Z
This distribution has been tested as part of the CPAN Testers
project, supporting the Perl programming language. See
http://wiki.cpantesters.org/ for more information or email
questions to cpan-testers-discuss@perl.org
--
Dear John Peacock,
This is a computer-generated report for SVN-Notify-Config-0.0911
on perl 5.18.4, created by CPAN-Reporter-1.2011.
Thank you for uploading your work to CPAN. However, there was a problem
testing your distribution.
If you think this report is invalid, please consult the CPAN Testers Wiki
for suggestions on how to avoid getting FAIL reports for missing library
or binary dependencies, unsupported operating systems, and so on:
http://wiki.cpantesters.org/wiki/CPANAuthorNotes
Sections of this report:
* Tester comments
* Program output
* Prerequisites
* Environment and other context
------------------------------
TESTER COMMENTS
------------------------------
Additional comments from tester:
none provided
------------------------------
PROGRAM OUTPUT
------------------------------
Output from './Build test':
t/001_basic.t ... ok
# Failed test 'All object properties match at rev: 1'
# at t/coretests.pm line 98.
# Compared blessed($data)
# got : 'SVN::Notify::Dummy'
# expect : undef
# Failed test 'All object properties match at rev: 1'
# at t/coretests.pm line 98.
# Compared blessed($data)
# got : 'SVN::Notify::Dummy'
# expect : undef
# Failed test 'All object properties match at rev: 4'
# at t/coretests.pm line 98.
# Compared blessed($data)
# got : 'SVN::Notify::Dummy'
# expect : undef
# Looks like you failed 3 tests of 8.
t/002_config.t ..
Dubious, test returned 3 (wstat 768, 0x300)
Failed 3/8 subtests
# Failed test 'All object properties match at rev: 1'
# at t/coretests.pm line 98.
# Compared blessed($data)
# got : 'SVN::Notify::Dummy'
# expect : undef
# Failed test 'All object properties match at rev: 1'
# at t/coretests.pm line 98.
# Compared blessed($data)
# got : 'SVN::Notify::Dummy'
# expect : undef
# Failed test 'All object properties match at rev: 1'
# at t/coretests.pm line 98.
# Compared blessed($data)
# got : 'SVN::Notify::Dummy'
# expect : undef
# Looks like you failed 3 tests of 17.
t/003_config.t ..
Dubious, test returned 3 (wstat 768, 0x300)
Failed 3/17 subtests
Test Summary Report
-------------------
t/002_config.t (Wstat: 768 Tests: 8 Failed: 3)
Failed tests: 1-2, 5
Non-zero exit status: 3
t/003_config.t (Wstat: 768 Tests: 17 Failed: 3)
Failed tests: 1-3
Non-zero exit status: 3
Files=3, Tests=26, 4 wallclock secs ( 0.03 usr 0.03 sys + 2.12 cusr 1.18 csys = 3.36 CPU)
Result: FAIL
Failed 2/3 test programs. 6/26 subtests failed.
------------------------------
PREREQUISITES
------------------------------
Prerequisite modules loaded:
requires:
Module Need Have
------------- ------ ------
Module::Build 0.2805 0.4210
SVN::Notify 2.7 2.86
YAML 0.62 1.13
build_requires:
Module Need Have
------------- ------ ------
Test::Deep 0.1 0.113
------------------------------
ENVIRONMENT AND OTHER CONTEXT
------------------------------
Environment variables:
LANG = C
LC_ALL = de_DE.UTF-8
PATH = /usr/local/bin:/usr/bin:/bin:/usr/local/sbin:/usr/sbin:/sbin:/home/cpansand/bin/linux-gnu:/home/cpansand/bin/sh:/home/cpansand/bin:/usr/games:/home/cpansand/devel:/home/eserte/src/srezic-misc/scripts
PERL5LIB = /home/cpansand/.cpan/build/2016041518/SVN-Notify-2.86-yJCa21/blib/arch:/home/cpansand/.cpan/build/2016041518/SVN-Notify-2.86-yJCa21/blib/lib
PERL5OPT =
PERL5_CPANPLUS_IS_RUNNING = 7000
PERL5_CPAN_IS_RUNNING = 7000
PERL5_CPAN_IS_RUNNING_IN_RECURSION = 5509,7000
PERLDOC = -MPod::Perldoc::ToTextOverstrike
PERL_BATCH = yes
PERL_CANARY_STABILITY_NOPROMPT = 1
PERL_CPAN_REPORTER_CONFIG = /var/tmp/cpansmoker-1023/2016041518/cpanreporter_005_config.ini
PERL_EXTUTILS_AUTOINSTALL = --defaultdeps
SHELL = /bin/zsh
TERM = screen
TMPDIR = /var/tmp/cpansmoker-1023/2016041518
Perl special variables (and OS-specific diagnostics, for MSWin32):
$^X = /bbbike/perl-5.18.4t/bin/perl
$UID/$EUID = 1023 / 1023
$GID = 1023 1023
$EGID = 1023 1023
Perl module toolchain versions installed:
Module Have
------------------- --------
CPAN 2.00
CPAN::Meta 2.142690
Cwd 3.47
ExtUtils::CBuilder 0.280210
ExtUtils::Command 1.17
ExtUtils::Install 1.59
ExtUtils::MakeMaker 7.02
ExtUtils::Manifest 1.68
ExtUtils::ParseXS 3.24
File::Spec 3.47
JSON 2.90
JSON::PP 2.27203
Module::Build 0.4210
Module::Signature 0.73
Parse::CPAN::Meta 1.4414
Test::Harness 3.34
Test::More 1.001014
YAML 1.13
YAML::Syck 1.27
version 0.9909
--
Summary of my perl5 (revision 5 version 18 subversion 4) configuration:
Platform:
osname=linux, osvers=3.2.0-4-amd64, archname=x86_64-linux-thread-multi
uname='linux eserte 3.2.0-4-amd64 #1 smp debian 3.2.63-2+deb7u1 x86_64 gnulinux '
config_args='-ds -e -Dprefix=/opt/perl-5.18.4t -Dusethreads'
hint=recommended, useposix=true, d_sigaction=define
useithreads=define, usemultiplicity=define
useperlio=define, d_sfio=undef, uselargefiles=define, usesocks=undef
use64bitint=define, use64bitall=define, uselongdouble=undef
usemymalloc=n, bincompat5005=undef
Compiler:
cc='cc', ccflags ='-D_REENTRANT -D_GNU_SOURCE -fno-strict-aliasing -pipe -fstack-protector -I/usr/local/include -D_LARGEFILE_SOURCE -D_FILE_OFFSET_BITS=64',
optimize='-O2',
cppflags='-D_REENTRANT -D_GNU_SOURCE -fno-strict-aliasing -pipe -fstack-protector -I/usr/local/include'
ccversion='', gccversion='4.7.2', gccosandvers=''
intsize=4, longsize=8, ptrsize=8, doublesize=8, byteorder=12345678
d_longlong=define, longlongsize=8, d_longdbl=define, longdblsize=16
ivtype='long', ivsize=8, nvtype='double', nvsize=8, Off_t='off_t', lseeksize=8
alignbytes=8, prototype=define
Linker and Libraries:
ld='cc', ldflags =' -fstack-protector -L/usr/local/lib'
libpth=/usr/local/lib /lib/x86_64-linux-gnu /lib/../lib /usr/lib/x86_64-linux-gnu /usr/lib/../lib /lib /usr/lib
libs=-lnsl -ldb -ldl -lm -lcrypt -lutil -lpthread -lc
perllibs=-lnsl -ldl -lm -lcrypt -lutil -lpthread -lc
libc=, so=so, useshrplib=false, libperl=libperl.a
gnulibc_version='2.13'
Dynamic Linking:
dlsrc=dl_dlopen.xs, dlext=so, d_dlsymun=undef, ccdlflags='-Wl,-E'
cccdlflags='-fPIC', lddlflags='-shared -O2 -L/usr/local/lib -fstack-protector'
Characteristics of this binary (from libperl):
Compile-time options: HAS_TIMES MULTIPLICITY PERLIO_LAYERS
PERL_DONT_CREATE_GVSV
PERL_HASH_FUNC_ONE_AT_A_TIME_HARD
PERL_IMPLICIT_CONTEXT PERL_MALLOC_WRAP
PERL_PRESERVE_IVUV PERL_SAWAMPERSAND USE_64_BIT_ALL
USE_64_BIT_INT USE_ITHREADS USE_LARGE_FILES
USE_LOCALE USE_LOCALE_COLLATE USE_LOCALE_CTYPE
USE_LOCALE_NUMERIC USE_PERLIO USE_PERL_ATOF
USE_REENTRANT_API
Built under linux
Compiled at Nov 15 2014 13:31:56
%ENV:
PERL5LIB="/home/cpansand/.cpan/build/2016041518/SVN-Notify-2.86-yJCa21/blib/arch:/home/cpansand/.cpan/build/2016041518/SVN-Notify-2.86-yJCa21/blib/lib"
PERL5OPT=""
PERL5_CPANPLUS_IS_RUNNING="7000"
PERL5_CPAN_IS_RUNNING="7000"
PERL5_CPAN_IS_RUNNING_IN_RECURSION="5509,7000"
PERLDOC="-MPod::Perldoc::ToTextOverstrike"
PERL_BATCH="yes"
PERL_CANARY_STABILITY_NOPROMPT="1"
PERL_CPAN_REPORTER_CONFIG="/var/tmp/cpansmoker-1023/2016041518/cpanreporter_005_config.ini"
PERL_EXTUTILS_AUTOINSTALL="--defaultdeps"
@INC:
/home/cpansand/.cpan/build/2016041518/SVN-Notify-2.86-yJCa21/blib/arch
/home/cpansand/.cpan/build/2016041518/SVN-Notify-2.86-yJCa21/blib/lib
/opt/perl-5.18.4t/lib/site_perl/5.18.4/x86_64-linux-thread-multi
/opt/perl-5.18.4t/lib/site_perl/5.18.4
/opt/perl-5.18.4t/lib/5.18.4/x86_64-linux-thread-multi
/opt/perl-5.18.4t/lib/5.18.4
.