POE v1.370 Perl 5 v5.38.0 OpenBSD.amd64-openbsd-ld
- Status
- Fail
- From
- Nigel Horne
- Dist
-
POE v1.370
- Platform
- Perl 5 v5.38.0 OpenBSD.amd64-openbsd-ld
- Date
- 2023-07-13T20:02:47
- ID
- 3cbefe5a-21b8-11ee-9681-cac1a06e8268
This distribution has been tested as part of the CPAN Testers
project, supporting the Perl programming language. See
http://wiki.cpantesters.org/ for more information or email
questions to cpan-testers-discuss@perl.org
--
Dear Chris Williams,
This is a computer-generated report for POE-1.370
on perl 5.38.0, created by CPAN-Reporter-1.2019.
Thank you for uploading your work to CPAN. However, there was a problem
testing your distribution.
If you think this report is invalid, please consult the CPAN Testers Wiki
for suggestions on how to avoid getting FAIL reports for missing library
or binary dependencies, unsupported operating systems, and so on:
http://wiki.cpantesters.org/wiki/CPANAuthorNotes
Sections of this report:
* Tester comments
* Program output
* Prerequisites
* Environment and other context
------------------------------
TESTER COMMENTS
------------------------------
Additional comments from tester:
this report is from an automated smoke testing program
and was not reviewed by a human for accuracy
------------------------------
PROGRAM OUTPUT
------------------------------
Output from '/usr/bin/make test':
"/home/njh/perl5/perlbrew/perls/perl-5.38.0-ld/bin/perl5.38.0" mylib/gen-tests.perl lib/POE.pm
PERL_DL_NONLAZY=1 "/home/njh/perl5/perlbrew/perls/perl-5.38.0-ld/bin/perl5.38.0" "-MExtUtils::Command::MM" "-MTest::Harness" "-e" "undef *Test::Harness::Switches; test_harness(0, 'blib/lib', 'blib/arch')" t/*.t t/*/*.t t/*/*/*.t
# Testing POE 1.370, POE::Test::Loops 1.360, Perl 5.038000, /home/njh/perl5/perlbrew/perls/perl-5.38.0-ld/bin/perl5.38.0 on openbsd
# pogomips: 10403281
t/00_info.t ........................................ ok
t/10_units/01_pod/01_pod.t ......................... skipped: enable by setting RELEASE_TESTING
t/10_units/01_pod/02_pod_coverage.t ................ skipped: enable by setting RELEASE_TESTING
t/10_units/01_pod/03_pod_no404s.t .................. skipped: enable by setting RELEASE_TESTING
t/10_units/01_pod/04_pod_linkcheck.t ............... skipped: enable by setting RELEASE_TESTING
t/10_units/02_pipes/01_base.t ...................... skipped: not implemented yet
t/10_units/02_pipes/02_oneway.t .................... ok
t/10_units/02_pipes/03_twoway.t .................... ok
t/10_units/03_base/01_poe.t ........................ ok
t/10_units/03_base/03_component.t .................. ok
t/10_units/03_base/04_driver.t ..................... ok
t/10_units/03_base/05_filter.t ..................... ok
t/10_units/03_base/06_loop.t ....................... ok
t/10_units/03_base/07_queue.t ...................... ok
t/10_units/03_base/08_resource.t ................... ok
t/10_units/03_base/09_resources.t .................. ok
t/10_units/03_base/10_wheel.t ...................... ok
t/10_units/03_base/11_assert_usage.t ............... ok
t/10_units/03_base/12_assert_retval.t .............. ok
t/10_units/03_base/13_assert_data.t ................ ok
t/10_units/03_base/14_kernel.t ..................... ok
t/10_units/03_base/15_kernel_internal.t ............ ok
t/10_units/03_base/16_nfa_usage.t .................. ok
t/10_units/03_base/17_detach_start.t ............... ok
t/10_units/04_drivers/01_sysrw.t ................... ok
t/10_units/05_filters/01_block.t ................... ok
t/10_units/05_filters/02_grep.t .................... ok
Downgrading wide characters in HTTP header. Consider installing Email::MIME::RFC2047::Encoder at /home/njh/.cpan/build/POE-1.370-1/blib/lib/POE/Filter/HTTPD.pm line 73.
POE::Filter::HTTPD::__ANON__("En \x{e9}t\x{e9}") called at /home/njh/.cpan/build/POE-1.370-1/blib/lib/POE/Filter/HTTPD.pm line 449
POE::Filter::HTTPD::headers_as_strings(POE::Filter::HTTPD=ARRAY(0xc1f2f9bfeb0), HTTP::Headers=HASH(0xc1f2f9f60e8), "\x{d}\x{a}") called at /home/njh/.cpan/build/POE-1.370-1/blib/lib/POE/Filter/HTTPD.pm line 411
POE::Filter::HTTPD::put(POE::Filter::HTTPD=ARRAY(0xc1f2f9bfeb0), ARRAY(0xc1f2f9f6958)) called at t/10_units/05_filters/03_http.t line 426
t/10_units/05_filters/03_http.t .................... ok
t/10_units/05_filters/04_line.t .................... ok
t/10_units/05_filters/05_map.t ..................... ok
t/10_units/05_filters/06_recordblock.t ............. ok
t/10_units/05_filters/07_reference.t ............... ok
t/10_units/05_filters/08_stream.t .................. ok
t/10_units/05_filters/50_stackable.t ............... ok
t/10_units/05_filters/51_reference_die.t ........... ok
t/10_units/05_filters/99_filterchange.t ............ ok
t/10_units/06_queues/01_array.t .................... ok
t/10_units/07_exceptions/01_normal.t ............... ok
t/10_units/07_exceptions/02_turn_off.t ............. ok
t/10_units/07_exceptions/03_not_handled.t .......... ok
t/10_units/08_loops/01_explicit_loop.t ............. ok
t/10_units/08_loops/02_explicit_loop_fail.t ........ ok
t/10_units/08_loops/03_explicit_loop_poll.t ........ ok
t/10_units/08_loops/04_explicit_loop_envvar.t ...... ok
t/10_units/08_loops/05_kernel_loop.t ............... ok
t/10_units/08_loops/06_kernel_loop_poll.t .......... ok
t/10_units/08_loops/07_kernel_loop_fail.t .......... ok
t/10_units/08_loops/08_kernel_loop_search_poll.t ... ok
t/10_units/08_loops/09_naive_loop_load.t ........... ok
t/10_units/08_loops/10_naive_loop_load_poll.t ...... ok
t/10_units/08_loops/11_double_loop.t ............... ok
t/20_resources/10_perl/aliases.t ................... ok
t/20_resources/10_perl/caller_state.t .............. ok
t/20_resources/10_perl/events.t .................... ok
t/20_resources/10_perl/extrefs.t ................... ok
t/20_resources/10_perl/extrefs_gc.t ................ ok
t/20_resources/10_perl/filehandles.t ............... ok
t/20_resources/10_perl/sessions.t .................. ok
t/20_resources/10_perl/sids.t ...................... ok
t/20_resources/10_perl/signals.t ................... ok
# Testing POE 1.370, POE::Test::Loops 1.360, Using Loop(POE::Loop::IO_Poll), Perl 5.038000, /home/njh/perl5/perlbrew/perls/perl-5.38.0-ld/bin/perl5.38.0 on openbsd
t/30_loops/io_poll/00_info.t ....................... ok
t/30_loops/io_poll/all_errors.t .................... skipped: most of these should move into other test files
t/30_loops/io_poll/comp_tcp.t ...................... ok
# You might see a 'disconnect' error during this test.
# It may be ignored.
t/30_loops/io_poll/comp_tcp_concurrent.t ........... ok
t/30_loops/io_poll/connect_errors.t ................ ok
t/30_loops/io_poll/k_alarms.t ...................... ok
t/30_loops/io_poll/k_aliases.t ..................... ok
t/30_loops/io_poll/k_detach.t ...................... ok
t/30_loops/io_poll/k_run_returns.t ................. ok
t/30_loops/io_poll/k_selects.t ..................... ok
t/30_loops/io_poll/k_sig_child.t ................... ok
t/30_loops/io_poll/k_signals.t ..................... ok
t/30_loops/io_poll/k_signals_rerun.t ............... ok
t/30_loops/io_poll/sbk_signal_init.t ............... ok
t/30_loops/io_poll/ses_nfa.t ....................... ok
# This test generates some STDERR during trace testing.
=== 92411 === 23 -> _start (from /home/njh/.cpan/build/POE-1.370-1/blib/lib/POE/Kernel.pm at 1498)
=== 92411 === 23 -> woot (from /home/njh/.cpan/build/POE-Test-Loops-1.360-1/blib/lib/POE/Test/Loops/ses_session.pm at 691)
=== 92411 === 23 -> narf (from /home/njh/.cpan/build/POE-Test-Loops-1.360-1/blib/lib/POE/Test/Loops/ses_session.pm at 692)
=== 92411 === 23 -> _stop (from /home/njh/.cpan/build/POE-1.370-1/blib/lib/POE/Resource/Sessions.pm at 571)
t/30_loops/io_poll/ses_session.t ................... ok
t/30_loops/io_poll/wheel_accept.t .................. ok
t/30_loops/io_poll/wheel_curses.t .................. skipped: Curses not available
t/30_loops/io_poll/wheel_readline.t ................ skipped: not running in a terminal
t/30_loops/io_poll/wheel_readwrite.t ............... ok
t/30_loops/io_poll/wheel_run.t ..................... ok
t/30_loops/io_poll/wheel_run_size.t ................ ok
t/30_loops/io_poll/wheel_sf_ipv6.t ................. skipped: Socket::GetAddrInfo is needed for IPv6 tests
t/30_loops/io_poll/wheel_sf_tcp.t .................. ok
t/30_loops/io_poll/wheel_sf_udp.t .................. ok
t/30_loops/io_poll/wheel_sf_unix.t ................. ok
t/30_loops/io_poll/wheel_tail.t .................... ok
t/30_loops/io_poll/z_kogman_sig_order.t ............ ok
t/30_loops/io_poll/z_leolo_wheel_run.t ............. ok
# Using '/usr/bin/true' as our thing to run under system()
t/30_loops/io_poll/z_merijn_sigchld_system.t ....... ok
t/30_loops/io_poll/z_rt39872_sigchld.t ............. ok
# Parent 2993 waiting 3sec for slow systems to settle.
# sending sigusr1
# sent sigusr1
t/30_loops/io_poll/z_rt39872_sigchld_stop.t ........ ok
67353: Server 1 got bind error 49 (Can't assign requested address)
Client 2 got connect error 49 (Can't assign requested address)
Client 3 got connect error 49 (Can't assign requested address)
Client 4 got connect error 49 (Can't assign requested address)
Client 5 got connect error 49 (Can't assign requested address)
Client 6 got connect error 49 (Can't assign requested address)
# Failed test 'Server got 5 client connections'
# at /home/njh/.cpan/build/POE-Test-Loops-1.360-1/blib/lib/POE/Test/Loops/z_rt53302_fh_watchers.pm line 107.
# got: '0'
# expected: '5'
# Failed test 'Server got 5 client disconnections'
# at /home/njh/.cpan/build/POE-Test-Loops-1.360-1/blib/lib/POE/Test/Loops/z_rt53302_fh_watchers.pm line 108.
# got: '0'
# expected: '5'
# Failed test 'Client sent input 5 times'
# at /home/njh/.cpan/build/POE-Test-Loops-1.360-1/blib/lib/POE/Test/Loops/z_rt53302_fh_watchers.pm line 109.
# got: '0'
# expected: '5'
# Failed test 'Server flushed 5 lines of data'
# at /home/njh/.cpan/build/POE-Test-Loops-1.360-1/blib/lib/POE/Test/Loops/z_rt53302_fh_watchers.pm line 110.
# got: '0'
# expected: '5'
# Failed test 'Client connected 5 times'
# at /home/njh/.cpan/build/POE-Test-Loops-1.360-1/blib/lib/POE/Test/Loops/z_rt53302_fh_watchers.pm line 112.
# got: '0'
# expected: '5'
# Failed test 'Client disconnected 5 times'
# at /home/njh/.cpan/build/POE-Test-Loops-1.360-1/blib/lib/POE/Test/Loops/z_rt53302_fh_watchers.pm line 113.
# got: '0'
# expected: '5'
# Failed test 'Server sent input 5 times'
# at /home/njh/.cpan/build/POE-Test-Loops-1.360-1/blib/lib/POE/Test/Loops/z_rt53302_fh_watchers.pm line 114.
# got: '0'
# expected: '5'
# Failed test 'Client flushed 5 lines of data'
# at /home/njh/.cpan/build/POE-Test-Loops-1.360-1/blib/lib/POE/Test/Loops/z_rt53302_fh_watchers.pm line 115.
# got: '0'
# expected: '5'
# Looks like you failed 8 tests of 8.
t/30_loops/io_poll/z_rt53302_fh_watchers.t .........
Dubious, test returned 8 (wstat 2048, 0x800)
Failed 8/8 subtests
t/30_loops/io_poll/z_rt54319_bazerka_followtail.t .. ok
t/30_loops/io_poll/z_steinert_signal_integrity.t ... ok
# Testing POE 1.370, POE::Test::Loops 1.360, Using Loop(POE::Loop::Select), Perl 5.038000, /home/njh/perl5/perlbrew/perls/perl-5.38.0-ld/bin/perl5.38.0 on openbsd
t/30_loops/select/00_info.t ........................ ok
t/30_loops/select/all_errors.t ..................... skipped: most of these should move into other test files
t/30_loops/select/comp_tcp.t ....................... ok
# You might see a 'disconnect' error during this test.
# It may be ignored.
t/30_loops/select/comp_tcp_concurrent.t ............ ok
t/30_loops/select/connect_errors.t ................. ok
t/30_loops/select/k_alarms.t ....................... ok
t/30_loops/select/k_aliases.t ...................... ok
t/30_loops/select/k_detach.t ....................... ok
t/30_loops/select/k_run_returns.t .................. ok
t/30_loops/select/k_selects.t ...................... ok
t/30_loops/select/k_sig_child.t .................... ok
t/30_loops/select/k_signals.t ...................... ok
t/30_loops/select/k_signals_rerun.t ................ ok
t/30_loops/select/sbk_signal_init.t ................ ok
t/30_loops/select/ses_nfa.t ........................ ok
# This test generates some STDERR during trace testing.
=== 97564 === 23 -> _start (from /home/njh/.cpan/build/POE-1.370-1/blib/lib/POE/Kernel.pm at 1498)
=== 97564 === 23 -> woot (from /home/njh/.cpan/build/POE-Test-Loops-1.360-1/blib/lib/POE/Test/Loops/ses_session.pm at 691)
=== 97564 === 23 -> narf (from /home/njh/.cpan/build/POE-Test-Loops-1.360-1/blib/lib/POE/Test/Loops/ses_session.pm at 692)
=== 97564 === 23 -> _stop (from /home/njh/.cpan/build/POE-1.370-1/blib/lib/POE/Resource/Sessions.pm at 571)
t/30_loops/select/ses_session.t .................... ok
t/30_loops/select/wheel_accept.t ................... ok
t/30_loops/select/wheel_curses.t ................... skipped: Curses not available
t/30_loops/select/wheel_readline.t ................. skipped: not running in a terminal
t/30_loops/select/wheel_readwrite.t ................ ok
t/30_loops/select/wheel_run.t ...................... ok
t/30_loops/select/wheel_run_size.t ................. ok
t/30_loops/select/wheel_sf_ipv6.t .................. skipped: Socket::GetAddrInfo is needed for IPv6 tests
t/30_loops/select/wheel_sf_tcp.t ................... ok
t/30_loops/select/wheel_sf_udp.t ................... ok
t/30_loops/select/wheel_sf_unix.t .................. ok
t/30_loops/select/wheel_tail.t ..................... ok
t/30_loops/select/z_kogman_sig_order.t ............. ok
t/30_loops/select/z_leolo_wheel_run.t .............. ok
# Using '/usr/bin/true' as our thing to run under system()
t/30_loops/select/z_merijn_sigchld_system.t ........ ok
t/30_loops/select/z_rt39872_sigchld.t .............. ok
# Parent 36179 waiting 3sec for slow systems to settle.
# sending sigusr1
# sent sigusr1
t/30_loops/select/z_rt39872_sigchld_stop.t ......... ok
45991: Server 1 got bind error 49 (Can't assign requested address)
Client 2 got connect error 49 (Can't assign requested address)
Client 3 got connect error 49 (Can't assign requested address)
Client 4 got connect error 49 (Can't assign requested address)
Client 5 got connect error 49 (Can't assign requested address)
Client 6 got connect error 49 (Can't assign requested address)
# Failed test 'Server got 5 client connections'
# at /home/njh/.cpan/build/POE-Test-Loops-1.360-1/blib/lib/POE/Test/Loops/z_rt53302_fh_watchers.pm line 107.
# got: '0'
# expected: '5'
# Failed test 'Server got 5 client disconnections'
# at /home/njh/.cpan/build/POE-Test-Loops-1.360-1/blib/lib/POE/Test/Loops/z_rt53302_fh_watchers.pm line 108.
# got: '0'
# expected: '5'
# Failed test 'Client sent input 5 times'
# at /home/njh/.cpan/build/POE-Test-Loops-1.360-1/blib/lib/POE/Test/Loops/z_rt53302_fh_watchers.pm line 109.
# got: '0'
# expected: '5'
# Failed test 'Server flushed 5 lines of data'
# at /home/njh/.cpan/build/POE-Test-Loops-1.360-1/blib/lib/POE/Test/Loops/z_rt53302_fh_watchers.pm line 110.
# got: '0'
# expected: '5'
# Failed test 'Client connected 5 times'
# at /home/njh/.cpan/build/POE-Test-Loops-1.360-1/blib/lib/POE/Test/Loops/z_rt53302_fh_watchers.pm line 112.
# got: '0'
# expected: '5'
# Failed test 'Client disconnected 5 times'
# at /home/njh/.cpan/build/POE-Test-Loops-1.360-1/blib/lib/POE/Test/Loops/z_rt53302_fh_watchers.pm line 113.
# got: '0'
# expected: '5'
# Failed test 'Server sent input 5 times'
# at /home/njh/.cpan/build/POE-Test-Loops-1.360-1/blib/lib/POE/Test/Loops/z_rt53302_fh_watchers.pm line 114.
# got: '0'
# expected: '5'
# Failed test 'Client flushed 5 lines of data'
# at /home/njh/.cpan/build/POE-Test-Loops-1.360-1/blib/lib/POE/Test/Loops/z_rt53302_fh_watchers.pm line 115.
# got: '0'
# expected: '5'
# Looks like you failed 8 tests of 8.
t/30_loops/select/z_rt53302_fh_watchers.t ..........
Dubious, test returned 8 (wstat 2048, 0x800)
Failed 8/8 subtests
t/30_loops/select/z_rt54319_bazerka_followtail.t ... ok
t/30_loops/select/z_steinert_signal_integrity.t .... ok
t/90_regression/agaran-filter-httpd.t .............. ok
t/90_regression/averell-callback-ret.t ............. ok
t/90_regression/bingos-followtail.t ................ ok
t/90_regression/broeren-win32-nbio.t ............... skipped: This test examines ActiveState Perl behavior.
t/90_regression/cfedde-filter-httpd.t .............. ok
t/90_regression/ferrari-server-unix.t .............. ok
t/90_regression/grinnz-die-in-die.t ................ ok
Died at t/90_regression/hinrik-wheel-run-die.t line 21.
t/90_regression/hinrik-wheel-run-die.t ............. ok
# This test can take up to 10 seconds
t/90_regression/kjeldahl-stop-start-polling.t ...... ok
# This test can take up to 10 seconds
t/90_regression/kjeldahl-stop-start-sig-nopipe.t ... ok
# This test can take up to 10 seconds
t/90_regression/kjeldahl-stop-start-sig-pipe.t ..... ok
t/90_regression/leolo-sig-die.t .................... ok
t/90_regression/meh-startstop-return.t ............. ok
t/90_regression/neyuki_detach.t .................... ok
t/90_regression/pipe-followtail.t .................. ok
t/90_regression/prumike-win32-stat.t ............... skipped: This test examines Strawberry/ActiveState Perl behavior.
t/90_regression/rt14444-arg1.t ..................... ok
t/90_regression/rt1648-tied-stderr.t ............... ok
t/90_regression/rt19908-merlyn-stop.t .............. ok
t/90_regression/rt23181-sigchld-rc.t ............... ok
t/90_regression/rt47966-sigchld.t .................. skipped: enable by setting RELEASE_TESTING
t/90_regression/rt56417-wheel-run.t ................ ok
t/90_regression/rt65460-forking.t .................. ok
t/90_regression/socketfactory-timeout.t ............ ok
t/90_regression/somni-poco-server-tcp.t ............ ok
t/90_regression/steinert-passed-wheel.t ............ ok
t/90_regression/suzman_windows.t ................... ok
t/90_regression/ton-stop-corruption.t .............. ok
t/90_regression/tracing-sane-exit.t ................ ok
t/90_regression/whelan-dieprop.t ................... ok
t/90_regression/whjackson-followtail.t ............. ok
Test Summary Report
-------------------
t/10_units/05_filters/03_http.t (Wstat: 0 Tests: 137 Failed: 0)
TODO passed: 85
t/30_loops/io_poll/z_rt53302_fh_watchers.t (Wstat: 2048 (exited 8) Tests: 8 Failed: 8)
Failed tests: 1-8
Non-zero exit status: 8
t/30_loops/select/z_rt53302_fh_watchers.t (Wstat: 2048 (exited 8) Tests: 8 Failed: 8)
Failed tests: 1-8
Non-zero exit status: 8
Files=161, Tests=4229, 124 wallclock secs ( 0.94 usr 0.58 sys + 31.21 cusr 10.29 csys = 43.02 CPU)
Result: FAIL
Failed 2/161 test programs. 16/4229 subtests failed.
*** Error 255 in /home/njh/.cpan/build/POE-1.370-1 (Makefile:948 'test_dynamic')
------------------------------
PREREQUISITES
------------------------------
Prerequisite modules loaded:
requires:
Module Need Have
---------------- ----- ------
Carp 0 1.54
Errno 1.09 1.37
Exporter 0 5.77
File::Spec 0.87 3.88
IO 1.24 1.52
IO::Handle 1.27 1.52
IO::Pipely 0.005 0.006
IO::Tty 1.08 1.17
POE::Test::Loops 1.360 1.360
POSIX 1.02 2.13
Socket 1.7 2.036
Storable 2.16 3.32
Test::Harness 2.26 3.44
Time::HiRes 1.59 1.9775
build_requires:
Module Need Have
---------------- ----- ------
POE::Test::Loops 1.360 1.360
configure_requires:
Module Need Have
---------------- ----- ------
POE::Test::Loops 1.360 1.360
------------------------------
ENVIRONMENT AND OTHER CONTEXT
------------------------------
Environment variables:
AUTOMATED_TESTING = 1
PATH = /home/njh/perl5/perlbrew/bin:/home/njh/perl5/perlbrew/perls/perl-5.38.0-ld/bin:/home/njh/perl5/perlbrew/bin:/home/njh/src/njh/smoker/bin:/usr/bin:/bin:/usr/sbin:/sbin:/usr/X11R6/bin:/usr/local/bin:/usr/local/sbin
PERL5LIB = /home/njh/.cpan/build/IO-Pipely-0.006-1/blib/arch:/home/njh/.cpan/build/IO-Pipely-0.006-1/blib/lib:/home/njh/.cpan/build/POE-Test-Loops-1.360-1/blib/arch:/home/njh/.cpan/build/POE-Test-Loops-1.360-1/blib/lib:/home/njh/.cpan/build/ExtUtils-PkgConfig-1.16-1/blib/arch:/home/njh/.cpan/build/ExtUtils-PkgConfig-1.16-1/blib/lib:/home/njh/.cpan/build/Net-Curl-0.54-1/blib/arch:/home/njh/.cpan/build/Net-Curl-0.54-1/blib/lib
PERL5OPT =
PERL5_CPANPLUS_IS_RUNNING = 54338
PERL5_CPAN_IS_RUNNING = 54338
PERL5_CPAN_IS_RUNNING_IN_RECURSION = 69740,54338
PERLBREW_LIB =
PERLBREW_MANPATH = /home/njh/perl5/perlbrew/perls/perl-5.38.0-ld/man
PERLBREW_PATH = /home/njh/perl5/perlbrew/bin:/home/njh/perl5/perlbrew/perls/perl-5.38.0-ld/bin
PERLBREW_PERL = perl-5.38.0-ld
PERLBREW_ROOT = /home/njh/perl5/perlbrew
PERLBREW_SHELLRC_VERSION = 0.97
PERLBREW_VERSION = 0.97
PERL_LOCAL_LIB_ROOT =
PERL_MM_USE_DEFAULT = 1
PERL_USE_UNSAFE_INC = 1
SHELL = /usr/local/bin/bash
TMPDIR = /tmp/testwrapper.63637
Perl special variables (and OS-specific diagnostics, for MSWin32):
$^X = /home/njh/perl5/perlbrew/perls/perl-5.38.0-ld/bin/perl5.38.0
$UID/$EUID = 1000 / 1000
$GID = 1000 1000 0
$EGID = 1000 1000 0
Perl module toolchain versions installed:
Module Have
------------------- --------
CPAN 2.36
CPAN::Meta 2.150010
Cwd 3.89
ExtUtils::CBuilder 0.280238
ExtUtils::Command 7.70
ExtUtils::Install 2.22
ExtUtils::MakeMaker 7.70
ExtUtils::Manifest 1.73
ExtUtils::ParseXS 3.51
File::Spec 3.88
JSON n/a
JSON::PP 4.16
Module::Build 0.4234
Module::Signature n/a
Parse::CPAN::Meta 2.150010
Test2 1.302194
Test::Harness 3.44
Test::More 1.302194
YAML 1.30
YAML::Syck 1.34
version 0.9929
--
Summary of my perl5 (revision 5 version 38 subversion 0) configuration:
Platform:
osname=openbsd
osvers=7.3
archname=OpenBSD.amd64-openbsd-ld
uname='openbsd vultr2.bandsman.co.uk 7.3 generic#1072 amd64 '
config_args='-de -Dprefix=/home/njh/perl5/perlbrew/perls/perl-5.38.0-ld -Dusedevel -Duselongdouble -Accflags=-O2 -W -Wformat=2 -Wswitch -Wshadow -Wwrite-strings -Wuninitialized -Wall -pipe -fomit-frame-pointer -pedantic -D_FORTIFY_SOURCE=2 -Wpointer-arith -Wstrict-prototypes -fstack-protector -Wstack-protector -Wextra -Wbad-function-cast -Wcast-align -Wcast-qual -Wdisabled-optimization -Wendif-labels -Wfloat-equal -Wformat-nonliteral -Winline -Wmissing-declarations -Wmissing-prototypes -Wnested-externs -Wpointer-arith -Wundef -Wformat-security -ftree-vectorize -mmmx -msse -mfpmath=sse -msse2 -msse3 -mtune=native -Aeval:scriptdir=/home/njh/perl5/perlbrew/perls/perl-5.38.0-ld/bin'
hint=recommended
useposix=true
d_sigaction=define
useithreads=undef
usemultiplicity=undef
use64bitint=define
use64bitall=define
uselongdouble=define
usemymalloc=n
default_inc_excludes_dot=define
Compiler:
cc='cc'
ccflags ='-O2 -W -Wformat=2 -Wswitch -Wshadow -Wwrite-strings -Wuninitialized -Wall -pipe -fomit-frame-pointer -pedantic -D_FORTIFY_SOURCE=2 -Wpointer-arith -Wstrict-prototypes -fstack-protector -Wstack-protector -Wextra -Wbad-function-cast -Wcast-align -Wcast-qual -Wdisabled-optimization -Wendif-labels -Wfloat-equal -Wformat-nonliteral -Winline -Wmissing-declarations -Wmissing-prototypes -Wnested-externs -Wpointer-arith -Wundef -Wformat-security -ftree-vectorize -mmmx -msse -mfpmath=sse -msse2 -msse3 -mtune=native -fno-strict-aliasing -fstack-protector-strong -I/usr/local/include'
optimize='-O2'
cppflags='-O2 -W -Wformat=2 -Wswitch -Wshadow -Wwrite-strings -Wuninitialized -Wall -pipe -fomit-frame-pointer -pedantic -D_FORTIFY_SOURCE=2 -Wpointer-arith -Wstrict-prototypes -fstack-protector -Wstack-protector -Wextra -Wbad-function-cast -Wcast-align -Wcast-qual -Wdisabled-optimization -Wendif-labels -Wfloat-equal -Wformat-nonliteral -Winline -Wmissing-declarations -Wmissing-prototypes -Wnested-externs -Wpointer-arith -Wundef -Wformat-security -ftree-vectorize -mmmx -msse -mfpmath=sse -msse2 -msse3 -mtune=native -fno-strict-aliasing -fstack-protector-strong -I/usr/local/include'
ccversion=''
gccversion='OpenBSD Clang 13.0.0'
gccosandvers=''
intsize=4
longsize=8
ptrsize=8
doublesize=8
byteorder=12345678
doublekind=3
d_longlong=define
longlongsize=8
d_longdbl=define
longdblsize=16
longdblkind=3
ivtype='long'
ivsize=8
nvtype='long double'
nvsize=16
Off_t='off_t'
lseeksize=8
alignbytes=16
prototype=define
Linker and Libraries:
ld='cc'
ldflags ='-Wl,-E -fstack-protector-strong -L/usr/local/lib'
libpth=/usr/lib/clang/13.0.0/lib /usr/lib /usr/local/lib
libs=-lpthread -lm -lutil -lc
perllibs=-lpthread -lm -lutil -lc
libc=/usr/lib/libc.so.97.0
so=so
useshrplib=false
libperl=libperl.a
gnulibc_version=''
Dynamic Linking:
dlsrc=dl_dlopen.xs
dlext=so
d_dlsymun=undef
ccdlflags=' '
cccdlflags='-DPIC -fPIC '
lddlflags='-shared -fPIC -L/usr/local/lib -fstack-protector-strong'
Characteristics of this binary (from libperl):
Compile-time options:
HAS_LONG_DOUBLE
HAS_STRTOLD
HAS_TIMES
PERLIO_LAYERS
PERL_COPY_ON_WRITE
PERL_DONT_CREATE_GVSV
PERL_HASH_FUNC_SIPHASH13
PERL_HASH_USE_SBOX32
PERL_MALLOC_WRAP
PERL_OP_PARENT
PERL_PRESERVE_IVUV
PERL_USE_DEVEL
PERL_USE_SAFE_PUTENV
USE_64_BIT_ALL
USE_64_BIT_INT
USE_LARGE_FILES
USE_LOCALE
USE_LOCALE_COLLATE
USE_LOCALE_CTYPE
USE_LOCALE_NUMERIC
USE_LOCALE_TIME
USE_LONG_DOUBLE
USE_PERLIO
USE_PERL_ATOF
Built under openbsd
Compiled at Jul 3 2023 11:55:21
%ENV:
PERL5LIB="/home/njh/.cpan/build/IO-Pipely-0.006-1/blib/arch:/home/njh/.cpan/build/IO-Pipely-0.006-1/blib/lib:/home/njh/.cpan/build/POE-Test-Loops-1.360-1/blib/arch:/home/njh/.cpan/build/POE-Test-Loops-1.360-1/blib/lib:/home/njh/.cpan/build/ExtUtils-PkgConfig-1.16-1/blib/arch:/home/njh/.cpan/build/ExtUtils-PkgConfig-1.16-1/blib/lib:/home/njh/.cpan/build/Net-Curl-0.54-1/blib/arch:/home/njh/.cpan/build/Net-Curl-0.54-1/blib/lib"
PERL5OPT=""
PERL5_CPANPLUS_IS_RUNNING="54338"
PERL5_CPAN_IS_RUNNING="54338"
PERL5_CPAN_IS_RUNNING_IN_RECURSION="69740,54338"
PERLBREW_LIB=""
PERLBREW_MANPATH="/home/njh/perl5/perlbrew/perls/perl-5.38.0-ld/man"
PERLBREW_PATH="/home/njh/perl5/perlbrew/bin:/home/njh/perl5/perlbrew/perls/perl-5.38.0-ld/bin"
PERLBREW_PERL="perl-5.38.0-ld"
PERLBREW_ROOT="/home/njh/perl5/perlbrew"
PERLBREW_SHELLRC_VERSION="0.97"
PERLBREW_VERSION="0.97"
PERL_LOCAL_LIB_ROOT=""
PERL_MM_USE_DEFAULT="1"
PERL_USE_UNSAFE_INC="1"
@INC:
/home/njh/.cpan/build/IO-Pipely-0.006-1/blib/arch
/home/njh/.cpan/build/IO-Pipely-0.006-1/blib/lib
/home/njh/.cpan/build/POE-Test-Loops-1.360-1/blib/arch
/home/njh/.cpan/build/POE-Test-Loops-1.360-1/blib/lib
/home/njh/.cpan/build/ExtUtils-PkgConfig-1.16-1/blib/arch
/home/njh/.cpan/build/ExtUtils-PkgConfig-1.16-1/blib/lib
/home/njh/.cpan/build/Net-Curl-0.54-1/blib/arch
/home/njh/.cpan/build/Net-Curl-0.54-1/blib/lib
/home/njh/perl5/perlbrew/perls/perl-5.38.0-ld/lib/site_perl/5.38.0/OpenBSD.amd64-openbsd-ld
/home/njh/perl5/perlbrew/perls/perl-5.38.0-ld/lib/site_perl/5.38.0
/home/njh/perl5/perlbrew/perls/perl-5.38.0-ld/lib/5.38.0/OpenBSD.amd64-openbsd-ld
/home/njh/perl5/perlbrew/perls/perl-5.38.0-ld/lib/5.38.0
.